2, 5, 13148449
What are the prime factors of 141253?
7, 17, 1187
What are the prime factors of 2945328906?
2, 3, 13, 37760627
List the prime factors of 1464180912.
2, 3, 10167923
What are the prime factors of 64286268?
2, 3, 241, 22229
What are the prime factors of 2547449649?
3, 1579, 59753
List the prime factors of 244563567.
3, 83, 982183
What are the prime factors of 241468516?
2, 41, 47, 31327
List the prime factors of 4023333888.
2, 3, 7, 223, 839
List the prime factors of 181652854.
2, 17, 211, 25321
List the prime factors of 690721509.
3, 17, 31, 436889
List the prime factors of 78796789.
78796789
List the prime factors of 172835785.
5, 34567157
List the prime factors of 22584815.
5, 11, 283, 1451
What are the prime factors of 57483440?
2, 5, 7, 23, 4463
List the prime factors of 175417608.
2, 3, 101, 72367
List the prime factors of 512681949.
3, 13, 337069
List the prime factors of 120239034.
2, 3, 509, 39371
What are the prime factors of 1196439349?
7, 170919907
List the prime factors of 4080036994.
2, 11, 16859657
List the prime factors of 23212245.
3, 5, 7, 221069
What are the prime factors of 311954436?
2, 3, 2888467
List the prime factors of 1593444959.
587, 2714557
List the prime factors of 104580899.
104580899
List the prime factors of 247746928.
2, 11, 13, 19, 41, 139
What are the prime factors of 1244350471?
7, 13, 13674181
What are the prime factors of 146455882?
2, 4799, 15259
List the prime factors of 199148925.
3, 5, 1187, 2237
List the prime factors of 460317510.
2, 3, 5, 5114639
List the prime factors of 467527456.
2, 11, 1328203
List the prime factors of 149977543.
149977543
What are the prime factors of 5339023?
191, 27953
What are the prime factors of 425873641?
67, 6356323
List the prime factors of 4891207934.
2, 373, 457, 14347
What are the prime factors of 67468412?
2, 11, 233, 6581
What are the prime factors of 41532013?
643, 64591
List the prime factors of 537235472.
2, 23, 63473
What are the prime factors of 547324805?
5, 5449, 20089
List the prime factors of 1054517036.
2, 43, 719, 8527
What are the prime factors of 48157368?
2, 3, 7, 286651
List the prime factors of 112011365.
5, 19, 709, 1663
What are the prime factors of 1159224177?
3, 11239, 34381
What are the prime factors of 1702226136?
2, 3, 13, 23, 71, 257
What are the prime factors of 1741694654?
2, 7, 257, 367, 1319
List the prime factors of 189190387.
23, 8225669
List the prime factors of 343247521.
19, 18065659
What are the prime factors of 191621732?
2, 47905433
What are the prime factors of 70202646?
2, 3, 1063, 1223
What are the prime factors of 458431979?
17, 859, 31393
What are the prime factors of 2999370242?
2, 11, 1367, 99733
What are the prime factors of 310501013?
3049, 101837
List the prime factors of 164203885.
5, 43, 763739
List the prime factors of 33660104.
2, 251, 16763
What are the prime factors of 1835938803?
3, 71, 8619431
List the prime factors of 3196870686.
2, 3, 229, 258521
What are the prime factors of 611882580?
2, 3, 5, 10198043
What are the prime factors of 1707877655?
5, 11, 43, 722147
What are the prime factors of 40361945?
5, 13, 89, 6977
List the prime factors of 779310458.
2, 1777, 219277
What are the prime factors of 249320743?
7, 29, 1228181
What are the prime factors of 14268817?
439, 32503
What are the prime factors of 654969350?
2, 5, 7, 29, 173, 373
What are the prime factors of 1665409?
1123, 1483
List the prime factors of 203572870.
2, 5, 20357287
What are the prime factors of 116208609?
3, 11, 3521473
List the prime factors of 4860212231.
7, 694316033
List the prime factors of 104888081.
37, 2834813
List the prime factors of 11507944.
2, 7, 31, 947
List the prime factors of 1733447085.
3, 5, 821, 140759
What are the prime factors of 4955370043?
13, 199, 1915489
What are the prime factors of 494093875?
5, 11, 227, 1583
List the prime factors of 56213134.
2, 19, 67, 22079
List the prime factors of 97523647.
13, 577063
List the prime factors of 78758643.
3, 811, 32371
What are the prime factors of 555219291?
3, 11, 89, 189043
What are the prime factors of 2287566056?
2, 285945757
What are the prime factors of 669460359?
3, 3677, 60689
What are the prime factors of 43976721?
3, 14658907
List the prime factors of 1807121243.
1807121243
What are the prime factors of 157792639?
73, 89, 149, 163
List the prime factors of 316689968.
2, 7, 1613, 1753
List the prime factors of 8357577.
3, 2785859
List the prime factors of 2851792.
2, 137, 1301
List the prime factors of 74616689.
7, 17, 607, 1033
What are the prime factors of 42846286?
2, 7, 23, 19009
What are the prime factors of 7781253?
3, 2593751
List the prime factors of 17041978.
2, 37, 41, 137
What are the prime factors of 42338355?
3, 5, 2822557
What are the prime factors of 1185353275?
5, 37, 1281463
List the prime factors of 2008756659.
3, 7, 13, 29, 487, 521
What are the prime factors of 143115603?
3, 107, 211, 2113
List the prime factors of 6663409390.
2, 5, 11, 31, 883, 2213
List the prime factors of 2037614778.
2, 3, 223, 2089
List the prime factors of 277365627.
3, 7, 11, 6353
List the prime factors of 58114477.
4217, 13781
What are the prime factors of 43759006?
2, 281, 77863
List the prime factors of 988668257.
1433, 689929
List the prime factors of 1357848706.
2, 47, 257, 56207
What are the prime factors of 1986720613?
1986720613
List the prime factors of 541911913.
691, 784243
List the prime factors of 40970983.
709, 57787
List the prime factors of 385291217.
385291217
List the prime factors of 483590761.
443, 1091627
List the prime factors of 5207453668.
2, 17, 2753, 27817
List the prime factors of 398215466.
2, 11, 18100703
List the prime factors of 81153641.
353, 229897
List the prime factors of 1651832265.
3, 5, 110122151
List the prime factors of 23630558.
2, 7, 97, 17401
List the prime factors of 308497772.
2, 11, 103, 68071
List the prime factors of 1397219296.
2, 11, 43, 92311
List the prime factors of 594151631.
233, 607, 4201
What are the prime factors of 292419656?
2, 53, 439, 1571
What are the prime factors of 256879110?
2, 3, 5, 137, 62501
What are the prime factors of 524796740?
2, 5, 13, 59, 34211
What are the prime factors of 675063478?
2, 23, 1327, 11059
What are the prime factors of 70016510?
2, 5, 421, 16631
What are the prime factors of 1376053758?
2, 3, 19, 79, 5659
List the prime factors of 1571927530.
2, 5, 53, 2965901
What are the prime factors of 5898857?
271, 21767
List the prime factors of 169476.
2, 3, 29, 487
List the prime factors of 22117489.
619, 35731
List the prime factors of 128873878.
2, 7, 9205277
List the prime factors of 61205075.
5, 2448203
What are the prime factors of 110842922?
2, 19, 2916919
List the prime factors of 3591974.
2, 1795987
What are the prime factors of 4493069867?
11, 13, 31420069
List the prime factors of 1534943744.
2, 263, 11399
List the prime factors of 2910281610.
2, 3, 5, 811, 119617
What are the prime factors of 301223013?
3, 7, 13, 193, 5717
List the prime factors of 1642677761.
1013, 1621597
List the prime factors of 79368789.
3, 26456263
What are the prime factors of 177809173?
177809173
List the prime factors of 80971654.
2, 19, 29, 73477
What are the prime factors of 17889555?
3, 5, 103, 11579
List the prime factors of 638231058.
2, 3, 701, 50581
List the prime factors of 5318408735.
5, 30697, 34651
List the prime factors of 2964103510.
2, 5, 17, 17435903
List the prime factors of 163083401.
13, 12544877
List the prime factors of 131109501.
3, 5981, 7307
List the prime factors of 496778506.
2, 7, 1151, 30829
What are the prime factors of 13135285?
5, 2627057
What are the prime factors of 5689277560?
2, 5, 142231939
What are the prime factors of 22409919?
3, 7, 118571
What are the prime factors of 2520521?
19, 53, 2503
What are the prime factors of 1609717299?
3, 536572433
What are the prime factors of 2493353603?
13, 17, 19, 229, 2593
What are the prime factors of 440491640?
2, 5, 59, 186649
What are the prime factors of 7310942166?
2, 3, 11, 29, 59, 101, 641
What are the prime factors of 56541152?
2, 1766911
List the prime factors of 4678992.
2, 3, 10831
List the prime factors of 26422207.
7, 3774601
What are the prime factors of 91567374?
2, 3, 47, 324707
What are the prime f